{"id":23,"date":"2025-03-28T11:38:13","date_gmt":"2025-03-28T10:38:13","guid":{"rendered":"https:\/\/www.somorrostro.com\/oppc\/?page_id=23"},"modified":"2026-02-03T09:41:30","modified_gmt":"2026-02-03T08:41:30","slug":"inscripcion-en-el-proceso-de-seleccion","status":"publish","type":"page","link":"https:\/\/www.somorrostro.com\/oppc\/inscripcion-en-el-proceso-de-seleccion\/","title":{"rendered":"Inscripci\u00f3n en el proceso de selecci\u00f3n"},"content":{"rendered":"\n<p style=\"font-size:1.35rem\">Para inscribirse en el proceso de selecci\u00f3n de este curso es imprescindible lo siguiente:<br>Titulaciones contempladas en la convocatoria (o <strong><a href=\"https:\/\/ivac-eei.eus\/es\/biblioteca\/convalidaciones-exenciones-y-equivalencias-pag-1.html\" target=\"_blank\" rel=\"noreferrer noopener\">equivalentes<\/a><\/strong>)<br>Nivel acad\u00e9mico de CICLO FORMATIVO DE GRADO SUPERIOR (T\u00e9cnico Superior en\u2026)<\/p>\n\n\n\n<p><\/p>\n\n\n<p><strong>FAMILIA ELECTRICIDAD &#8211; ELECTR\u00d3NICA<\/strong><\/p>\n<ul>\n<li><a href=\"https:\/\/ivac-eei.eus\/es\/familias-profesionales\/electricidad-y-electronica-ele\/ciclos-formativos\/tecnico-superior-en-automatizacion-y-robotica-industrial.html\" target=\"_blank\" rel=\"noopener\">Automatizaci\u00f3n y rob\u00f3tica industrial<\/a><\/li>\n<li><a href=\"https:\/\/ivac-eei.eus\/es\/familias-profesionales\/electricidad-y-electronica-ele\/ciclos-formativos\/tecnico-superior-en-sistemas-electrotecnicos-y-automatizados.html\" target=\"_blank\" rel=\"noopener\"><span lang=\"es\">Sistemas electrot\u00e9cnicos y automatizados<\/span><\/a><\/li>\n<\/ul>\n<p><strong>FAMILIA FABRICACI\u00d3N MEC\u00c1NICA<\/strong><\/p>\n<ul>\n<li><a href=\"https:\/\/ivac-eei.eus\/es\/familias-profesionales\/fabricacion-mecanica-fme\/ciclos-formativos\/tecnico-superior-en-diseno-en-fabricacion-mecanica.html\" target=\"_blank\" rel=\"noopener\">Dise\u00f1o en Fabricaci\u00f3n mec\u00e1nica<\/a><\/li>\n<li><a href=\"https:\/\/ivac-eei.eus\/es\/familias-profesionales\/fabricacion-mecanica-fme\/ciclos-formativos\/tecnico-superior-en-construcciones-metalicas.html\" target=\"_blank\" rel=\"noopener\">Construcciones met\u00e1licas<\/a><\/li>\n<li><span lang=\"es\"><a href=\"https:\/\/ivac-eei.eus\/es\/familias-profesionales\/fabricacion-mecanica-fme\/ciclos-formativos\/tecnico-superior-en-programacion-de-la-produccion-en-moldeo-de-metales-y-polimeros.html\" target=\"_blank\" rel=\"noopener\">Programaci\u00f3n de la Producci\u00f3n<\/a> <\/span><\/li>\n<\/ul>\n<p><strong>FAMILIA INSTALACI\u00d3N Y MANTENIMIENTO<\/strong><\/p>\n<ul>\n<li><a href=\"https:\/\/ivac-eei.eus\/es\/familias-profesionales\/instalacion-y-mantenimiento-ima\/ciclos-formativos\/tecnico-superior-en-mecatronica-industrial.html\" target=\"_blank\" rel=\"noopener\">Mecatr\u00f3nica Industrial<\/a><\/li>\n<li><a href=\"https:\/\/ivac-eei.eus\/es\/familias-profesionales\/instalacion-y-mantenimiento-ima\/ciclos-formativos\/tecnico-superior-en-desarrollo-de-proyectos-de-instalaciones-termicas-y-de-fluidos.html\" target=\"_blank\" rel=\"noopener\">Desarrollo de proyectos de instalaciones de t\u00e9rmicas y de fluidos<\/a><\/li>\n<li><a href=\"https:\/\/ivac-eei.eus\/es\/familias-profesionales\/instalacion-y-mantenimiento-ima\/ciclos-formativos\/tecnico-superior-en-mantenimiento-de-instalaciones-termicas-y-de-fluidos.html\" target=\"_blank\" rel=\"noopener\">Mantenimiento de instalaciones t\u00e9rmicas y de fluidos<\/a><\/li>\n<\/ul>\n<p><strong>FAMILIA QU\u00cdMICA<\/strong><\/p>\n<ul>\n<li><a href=\"https:\/\/ivac-eei.eus\/es\/familias-profesionales\/quimica-qui\/ciclos-formativos\/tecnico-superior-en-quimica-industrial.html\" target=\"_blank\" rel=\"noopener\">Qu\u00edmica industrial<\/a><\/li>\n<\/ul>\n<p>Se valorar\u00e1 positivamente toda la formaci\u00f3n complementaria a la titulaci\u00f3n requerida.<\/p>\n\n\n<p><\/p>\n\n\n\n<p><\/p>\n","protected":false},"excerpt":{"rendered":"<p>Para inscribirse en el proceso de selecci\u00f3n de este curso es imprescindible lo siguiente:Titulaciones contempladas en la convocatoria (o equivalentes)Nivel acad\u00e9mico de CICLO FORMATIVO DE GRADO SUPERIOR (T\u00e9cnico Superior en\u2026) FAMILIA ELECTRICIDAD &#8211; ELECTR\u00d3NICA Automatizaci\u00f3n y rob\u00f3tica industrial Sistemas electrot\u00e9cnicos y automatizados FAMILIA FABRICACI\u00d3N MEC\u00c1NICA Dise\u00f1o en Fabricaci\u00f3n mec\u00e1nica Construcciones met\u00e1licas Programaci\u00f3n de la Producci\u00f3n [&hellip;]<\/p>\n","protected":false},"author":1,"featured_media":0,"parent":0,"menu_order":0,"comment_status":"closed","ping_status":"closed","template":"inscripcion.php","meta":{"_acf_changed":false,"footnotes":""},"class_list":["post-23","page","type-page","status-publish","hentry"],"acf":[],"_links":{"self":[{"href":"https:\/\/www.somorrostro.com\/oppc\/wp-json\/wp\/v2\/pages\/23","targetHints":{"allow":["GET"]}}],"collection":[{"href":"https:\/\/www.somorrostro.com\/oppc\/wp-json\/wp\/v2\/pages"}],"about":[{"href":"https:\/\/www.somorrostro.com\/oppc\/wp-json\/wp\/v2\/types\/page"}],"author":[{"embeddable":true,"href":"https:\/\/www.somorrostro.com\/oppc\/wp-json\/wp\/v2\/users\/1"}],"replies":[{"embeddable":true,"href":"https:\/\/www.somorrostro.com\/oppc\/wp-json\/wp\/v2\/comments?post=23"}],"version-history":[{"count":34,"href":"https:\/\/www.somorrostro.com\/oppc\/wp-json\/wp\/v2\/pages\/23\/revisions"}],"predecessor-version":[{"id":215,"href":"https:\/\/www.somorrostro.com\/oppc\/wp-json\/wp\/v2\/pages\/23\/revisions\/215"}],"wp:attachment":[{"href":"https:\/\/www.somorrostro.com\/oppc\/wp-json\/wp\/v2\/media?parent=23"}],"curies":[{"name":"wp","href":"https:\/\/api.w.org\/{rel}","templated":true}]}}